{"id":248,"date":"2022-05-30T09:57:24","date_gmt":"2022-05-30T09:57:24","guid":{"rendered":"https:\/\/coph2022.pl\/?page_id=248"},"modified":"2022-10-08T19:38:35","modified_gmt":"2022-10-08T19:38:35","slug":"odezwa","status":"publish","type":"page","link":"https:\/\/coph2022.pl\/?page_id=248","title":{"rendered":"Odezwa"},"content":{"rendered":"\t\t<div data-elementor-type=\"wp-page\" data-elementor-id=\"248\" class=\"elementor elementor-248\">\n\t\t\t\t\t\t\t\t\t<section class=\"elementor-section elementor-top-section elementor-element elementor-element-10d1b3f0 elementor-section-boxed elementor-section-height-default elementor-section-height-default\" data-id=\"10d1b3f0\" data-element_type=\"section\">\n\t\t\t\t\t\t\t<div class=\"elementor-background-overlay\"><\/div>\n\t\t\t\t\t\t\t<div class=\"elementor-container elementor-column-gap-default\">\n\t\t\t\t\t<div class=\"elementor-column elementor-col-50 elementor-top-column elementor-element elementor-element-3c9bdede\" data-id=\"3c9bdede\" data-element_type=\"column\">\n\t\t\t<div class=\"elementor-widget-wrap elementor-element-populated\">\n\t\t\t\t\t\t\t\t<div class=\"elementor-element elementor-element-38b4555 elementor-widget elementor-widget-image\" data-id=\"38b4555\" data-element_type=\"widget\" data-widget_type=\"image.default\">\n\t\t\t\t<div class=\"elementor-widget-container\">\n\t\t\t<style>\/*! elementor - v3.8.0 - 30-10-2022 *\/\n.elementor-widget-image{text-align:center}.elementor-widget-image a{display:inline-block}.elementor-widget-image a img[src$=\".svg\"]{width:48px}.elementor-widget-image img{vertical-align:middle;display:inline-block}<\/style>\t\t\t\t\t\t\t\t\t\t\t\t<img loading=\"lazy\" decoding=\"async\" width=\"800\" height=\"213\" src=\"https:\/\/coph2022.pl\/wp-content\/uploads\/2022\/10\/logo-1024x273.png\" class=\"attachment-large size-large\" alt=\"\" srcset=\"https:\/\/coph2022.pl\/wp-content\/uploads\/2022\/10\/logo-1024x273.png 1024w, https:\/\/coph2022.pl\/wp-content\/uploads\/2022\/10\/logo-300x80.png 300w, https:\/\/coph2022.pl\/wp-content\/uploads\/2022\/10\/logo-768x205.png 768w, https:\/\/coph2022.pl\/wp-content\/uploads\/2022\/10\/logo.png 1133w\" sizes=\"(max-width: 800px) 100vw, 800px\" \/>\t\t\t\t\t\t\t\t\t\t\t\t\t\t\t<\/div>\n\t\t\t\t<\/div>\n\t\t\t\t<div class=\"elementor-element elementor-element-8e5b570 elementor-widget elementor-widget-heading\" data-id=\"8e5b570\" data-element_type=\"widget\" data-widget_type=\"heading.default\">\n\t\t\t\t<div class=\"elementor-widget-container\">\n\t\t\t<style>\/*! elementor - v3.8.0 - 30-10-2022 *\/\n.elementor-heading-title{padding:0;margin:0;line-height:1}.elementor-widget-heading .elementor-heading-title[class*=elementor-size-]>a{color:inherit;font-size:inherit;line-height:inherit}.elementor-widget-heading .elementor-heading-title.elementor-size-small{font-size:15px}.elementor-widget-heading .elementor-heading-title.elementor-size-medium{font-size:19px}.elementor-widget-heading .elementor-heading-title.elementor-size-large{font-size:29px}.elementor-widget-heading .elementor-heading-title.elementor-size-xl{font-size:39px}.elementor-widget-heading .elementor-heading-title.elementor-size-xxl{font-size:59px}<\/style><h2 class=\"elementor-heading-title elementor-size-default\">Co pi\u0119\u0107 lat od 2007 r. \u015brodowisko krakowskich historyk\u00f3w zaprasza do udzia\u0142u\nw Kongresie Zagranicznych Badaczy Dziej\u00f3w Polski. To niezwyk\u0142e wydarzenie gromadzi\nza ka\u017cdym razem setki naukowc\u00f3w z ca\u0142ego \u015bwiata zainteresowanych polsk\u0105 histori\u0105, kultur\u0105\ni j\u0119zykiem. Od samego pocz\u0105tku g\u0142\u00f3wnym celem Kongresu jest rozwijanie dialogu, wymiana\ndo\u015bwiadcze\u0144 i inspiracji oraz upowszechnianie bada\u0144 nad dziejami Polski.\nPodejmuj\u0105c si\u0119 kontynuacji tego zamierzenia pragniemy ju\u017c dzi\u015b zach\u0119ci\u0107 do wsp\u00f3\u0142tworzenia\nIV edycji Kongresu Zagranicznych Badaczy Dziej\u00f3w Polski. Mimo niepewno\u015bci\ni nieprzewidywalno\u015bci, jakie przynios\u0142a ze sob\u0105 globalna pandemia, przyst\u0119pujemy\ndo organizacji Kongresu wierz\u0105c, \u017ce uda nam si\u0119 wszystkim bezpiecznie spotka\u0107\nTematem Kongresu b\u0119d\u0105 tym razem \u201espotkania kultur\u201d. Chcieliby\u015bmy przyjrze\u0107 si\u0119\nhistorii ziem polskich przez pryzmat wzajemnych relacji i oddzia\u0142ywa\u0144 r\u00f3\u017cnych nurt\u00f3w\ni wzorc\u00f3w kulturowych obecnych tu przez dekady czy stulecia. Idee i dobra, zwyczaje\ni wzorce, to\u017csamo\u015bci i j\u0119zyki spotyka\u0142y si\u0119 tu ze sob\u0105 niczym w tyglu, laboratorium\nczy te\u017c porcie prze\u0142adunkowym. Kulturowa, etniczna, j\u0119zykowa, religijna, gospodarcza,\ndemograficzna i\u202f spo\u0142eczna r\u00f3\u017cnorodno\u015b\u0107 stanowi\u0142a bowiem dominant\u0119 dziej\u00f3w Polski,\nkt\u00f3ra wyry\u0142a trwa\u0142y \u015blad w naszym dorobku kulturowym i zbiorowej to\u017csamo\u015bci. Zapraszaj\u0105c\nbadaczy zainteresowanych dziejami Polski do Krakowa pragniemy zada\u0107 pytania o dynamik\u0119,\nskal\u0119 i z\u0142o\u017cono\u015b\u0107 tych oddzia\u0142ywa\u0144, g\u0142\u00f3wne kierunki transmisji i retransmisji,\na tak\u017ce przyjrze\u0107 si\u0119 temu, jakie skutki dla historii Polski nios\u0142y ze sob\u0105 spotkania kultur.\nDefiniuj\u0105c kultur\u0119 mo\u017cliwie szeroko chcemy uwzgl\u0119dni\u0107 tak jej wysokie, jak i popularne rejestry.\nMamy nadziej\u0119, \u017ce tak zarysowany temat spotka si\u0119 z szerokim zainteresowaniem\nDo udzia\u0142u \u2013 jak w poprzednich latach \u2013 w sesjach, dyskusjach czy wyk\u0142adach zapraszamy\nwi\u0119c reprezentant\u00f3w r\u00f3\u017cnych dyscyplin: historyk\u00f3w, archeolog\u00f3w, historyk\u00f3w sztuki,\nantropolog\u00f3w, socjolog\u00f3w, literaturoznawc\u00f3w, j\u0119zykoznawc\u00f3w czy kulturoznawc\u00f3w.\nPrzygotowaniom do Kongresu towarzyszy\u0107 b\u0119dzie tak\u017ce kolejna edycja konkursu\n\u201ePro Historia Polonorum\u201d na najlepsz\u0105 zagraniczn\u0105 ksi\u0105\u017ck\u0119 o historii Polski wydan\u0105\nZach\u0119caj\u0105c do wsparcia i wsp\u00f3\u0142tworzenia IV Kongresu mamy g\u0142\u0119bok\u0105 nadziej\u0119,\n\u017ce podobnie jak w poprzednich latach, kongresowe spotkania w Krakowie b\u0119d\u0105 okazj\u0105\ndo odkrywania i rozwijania nowych perspektyw badawczych, o\u017cywionej dyskusji,\na przede wszystkim do autentycznego spotkania i dialogu.\nw Krakowie w pa\u017adzierniku 2022 r.\ni przyczyni si\u0119 do o\u017cywionego dialogu wok\u00f3\u0142 historii Polski w \u015bwiecie.\nw ci\u0105gu ostatnich lat oraz inne wydarzenia towarzysz\u0105ce.\nW oczekiwaniu na spotkanie z Pa\u0144stwem<\/h2>\t\t<\/div>\n\t\t\t\t<\/div>\n\t\t\t\t<div class=\"elementor-element elementor-element-93b20c0 elementor-widget elementor-widget-image\" data-id=\"93b20c0\" data-element_type=\"widget\" data-widget_type=\"image.default\">\n\t\t\t\t<div class=\"elementor-widget-container\">\n\t\t\t\t\t\t\t\t\t\t\t\t\t\t\t<img loading=\"lazy\" decoding=\"async\" width=\"800\" height=\"149\" src=\"https:\/\/coph2022.pl\/wp-content\/uploads\/2022\/10\/podpisy.png\" class=\"attachment-large size-large\" alt=\"\" srcset=\"https:\/\/coph2022.pl\/wp-content\/uploads\/2022\/10\/podpisy.png 851w, https:\/\/coph2022.pl\/wp-content\/uploads\/2022\/10\/podpisy-300x56.png 300w, https:\/\/coph2022.pl\/wp-content\/uploads\/2022\/10\/podpisy-768x143.png 768w\" sizes=\"(max-width: 800px) 100vw, 800px\" \/>\t\t\t\t\t\t\t\t\t\t\t\t\t\t\t<\/div>\n\t\t\t\t<\/div>\n\t\t\t\t\t<\/div>\n\t\t<\/div>\n\t\t\t\t<div class=\"elementor-column elementor-col-50 elementor-top-column elementor-element elementor-element-7e70ba11\" data-id=\"7e70ba11\" data-element_type=\"column\">\n\t\t\t<div class=\"elementor-widget-wrap elementor-element-populated\">\n\t\t\t\t\t\t\t\t<section class=\"elementor-section elementor-inner-section elementor-element elementor-element-20ca2392 elementor-section-boxed elementor-section-height-default elementor-section-height-default\" data-id=\"20ca2392\" data-element_type=\"section\" data-settings=\"{&quot;background_background&quot;:&quot;classic&quot;}\">\n\t\t\t\t\t\t<div class=\"elementor-container elementor-column-gap-default\">\n\t\t\t\t\t<div class=\"elementor-column elementor-col-100 elementor-inner-column elementor-element elementor-element-4a628753\" data-id=\"4a628753\" data-element_type=\"column\">\n\t\t\t<div class=\"elementor-widget-wrap elementor-element-populated\">\n\t\t\t\t\t\t\t\t<div class=\"elementor-element elementor-element-237b4ae5 elementor-widget elementor-widget-heading\" data-id=\"237b4ae5\" data-element_type=\"widget\" data-widget_type=\"heading.default\">\n\t\t\t\t<div class=\"elementor-widget-container\">\n\t\t\t<h2 class=\"elementor-heading-title elementor-size-default\">Sekretariat Kongresu<\/h2>\t\t<\/div>\n\t\t\t\t<\/div>\n\t\t\t\t<div class=\"elementor-element elementor-element-53729b89 elementor-widget elementor-widget-spacer\" data-id=\"53729b89\" data-element_type=\"widget\" data-widget_type=\"spacer.default\">\n\t\t\t\t<div class=\"elementor-widget-container\">\n\t\t\t<style>\/*! elementor - v3.8.0 - 30-10-2022 *\/\n.elementor-column .elementor-spacer-inner{height:var(--spacer-size)}.e-con{--container-widget-width:100%}.e-con-inner>.elementor-widget-spacer,.e-con>.elementor-widget-spacer{width:var(--container-widget-width,var(--spacer-size));-ms-flex-item-align:stretch;align-self:stretch;-ms-flex-negative:0;flex-shrink:0}.e-con-inner>.elementor-widget-spacer>.elementor-widget-container,.e-con-inner>.elementor-widget-spacer>.elementor-widget-container>.elementor-spacer,.e-con>.elementor-widget-spacer>.elementor-widget-container,.e-con>.elementor-widget-spacer>.elementor-widget-container>.elementor-spacer{height:100%}.e-con-inner>.elementor-widget-spacer>.elementor-widget-container>.elementor-spacer>.elementor-spacer-inner,.e-con>.elementor-widget-spacer>.elementor-widget-container>.elementor-spacer>.elementor-spacer-inner{height:var(--container-widget-height,var(--spacer-size))}<\/style>\t\t<div class=\"elementor-spacer\">\n\t\t\t<div class=\"elementor-spacer-inner\"><\/div>\n\t\t<\/div>\n\t\t\t\t<\/div>\n\t\t\t\t<\/div>\n\t\t\t\t<div class=\"elementor-element elementor-element-735b011c elementor-widget elementor-widget-heading\" data-id=\"735b011c\" data-element_type=\"widget\" data-widget_type=\"heading.default\">\n\t\t\t\t<div class=\"elementor-widget-container\">\n\t\t\t<h2 class=\"elementor-heading-title elementor-size-default\">Polskie Towarzystwo Historyczne Oddzia\u0142 w Krakowie\nul. Go\u0142\u0119bia 13 31-007 Krak\u00f3w\nemail: <b>sekretariat.ivkongres@uj.edu.pl<\/b><\/h2>\t\t<\/div>\n\t\t\t\t<\/div>\n\t\t\t\t\t<\/div>\n\t\t<\/div>\n\t\t\t\t\t\t\t<\/div>\n\t\t<\/section>\n\t\t\t\t<div class=\"elementor-element elementor-element-112b2c59 elementor-widget-divider--view-line elementor-widget elementor-widget-divider\" data-id=\"112b2c59\" data-element_type=\"widget\" data-widget_type=\"divider.default\">\n\t\t\t\t<div class=\"elementor-widget-container\">\n\t\t\t<style>\/*! elementor - v3.8.0 - 30-10-2022 *\/\n.elementor-widget-divider{--divider-border-style:none;--divider-border-width:1px;--divider-color:#2c2c2c;--divider-icon-size:20px;--divider-element-spacing:10px;--divider-pattern-height:24px;--divider-pattern-size:20px;--divider-pattern-url:none;--divider-pattern-repeat:repeat-x}.elementor-widget-divider .elementor-divider{display:-webkit-box;display:-ms-flexbox;display:flex}.elementor-widget-divider .elementor-divider__text{font-size:15px;line-height:1;max-width:95%}.elementor-widget-divider .elementor-divider__element{margin:0 var(--divider-element-spacing);-ms-flex-negative:0;flex-shrink:0}.elementor-widget-divider .elementor-icon{font-size:var(--divider-icon-size)}.elementor-widget-divider .elementor-divider-separator{display:-webkit-box;display:-ms-flexbox;display:flex;margin:0;direction:ltr}.elementor-widget-divider--view-line_icon .elementor-divider-separator,.elementor-widget-divider--view-line_text .elementor-divider-separator{-webkit-box-align:center;-ms-flex-align:center;align-items:center}.elementor-widget-divider--view-line_icon .elementor-divider-separator:after,.elementor-widget-divider--view-line_icon .elementor-divider-separator:before,.elementor-widget-divider--view-line_text .elementor-divider-separator:after,.elementor-widget-divider--view-line_text .elementor-divider-separator:before{display:block;content:\"\";border-bottom:0;-webkit-box-flex:1;-ms-flex-positive:1;flex-grow:1;border-top:var(--divider-border-width) var(--divider-border-style) var(--divider-color)}.elementor-widget-divider--element-align-left .elementor-divider .elementor-divider-separator>.elementor-divider__svg:first-of-type{-webkit-box-flex:0;-ms-flex-positive:0;flex-grow:0;-ms-flex-negative:100;flex-shrink:100}.elementor-widget-divider--element-align-left .elementor-divider-separator:before{content:none}.elementor-widget-divider--element-align-left .elementor-divider__element{margin-left:0}.elementor-widget-divider--element-align-right .elementor-divider .elementor-divider-separator>.elementor-divider__svg:last-of-type{-webkit-box-flex:0;-ms-flex-positive:0;flex-grow:0;-ms-flex-negative:100;flex-shrink:100}.elementor-widget-divider--element-align-right .elementor-divider-separator:after{content:none}.elementor-widget-divider--element-align-right .elementor-divider__element{margin-right:0}.elementor-widget-divider:not(.elementor-widget-divider--view-line_text):not(.elementor-widget-divider--view-line_icon) .elementor-divider-separator{border-top:var(--divider-border-width) var(--divider-border-style) var(--divider-color)}.elementor-widget-divider--separator-type-pattern{--divider-border-style:none}.elementor-widget-divider--separator-type-pattern.elementor-widget-divider--view-line .elementor-divider-separator,.elementor-widget-divider--separator-type-pattern:not(.elementor-widget-divider--view-line) .elementor-divider-separator:after,.elementor-widget-divider--separator-type-pattern:not(.elementor-widget-divider--view-line) .elementor-divider-separator:before,.elementor-widget-divider--separator-type-pattern:not([class*=elementor-widget-divider--view]) .elementor-divider-separator{width:100%;min-height:var(--divider-pattern-height);-webkit-mask-size:var(--divider-pattern-size) 100%;mask-size:var(--divider-pattern-size) 100%;-webkit-mask-repeat:var(--divider-pattern-repeat);mask-repeat:var(--divider-pattern-repeat);background-color:var(--divider-color);-webkit-mask-image:var(--divider-pattern-url);mask-image:var(--divider-pattern-url)}.elementor-widget-divider--no-spacing{--divider-pattern-size:auto}.elementor-widget-divider--bg-round{--divider-pattern-repeat:round}.rtl .elementor-widget-divider .elementor-divider__text{direction:rtl}.e-con-inner>.elementor-widget-divider,.e-con>.elementor-widget-divider{width:var(--container-widget-width,100%)}<\/style>\t\t<div class=\"elementor-divider\">\n\t\t\t<span class=\"elementor-divider-separator\">\n\t\t\t\t\t\t<\/span>\n\t\t<\/div>\n\t\t\t\t<\/div>\n\t\t\t\t<\/div>\n\t\t\t\t<div class=\"elementor-element elementor-element-280f51cf elementor-widget elementor-widget-image\" data-id=\"280f51cf\" data-element_type=\"widget\" data-widget_type=\"image.default\">\n\t\t\t\t<div class=\"elementor-widget-container\">\n\t\t\t\t\t\t\t\t\t\t\t\t\t\t\t<img loading=\"lazy\" decoding=\"async\" width=\"800\" height=\"202\" src=\"https:\/\/coph2022.pl\/wp-content\/uploads\/2022\/06\/logo_tekst_pth-1024x258.png\" class=\"attachment-large size-large\" alt=\"\" srcset=\"https:\/\/coph2022.pl\/wp-content\/uploads\/2022\/06\/logo_tekst_pth-1024x258.png 1024w, https:\/\/coph2022.pl\/wp-content\/uploads\/2022\/06\/logo_tekst_pth-300x75.png 300w, https:\/\/coph2022.pl\/wp-content\/uploads\/2022\/06\/logo_tekst_pth-768x193.png 768w, https:\/\/coph2022.pl\/wp-content\/uploads\/2022\/06\/logo_tekst_pth.png 1391w\" sizes=\"(max-width: 800px) 100vw, 800px\" \/>\t\t\t\t\t\t\t\t\t\t\t\t\t\t\t<\/div>\n\t\t\t\t<\/div>\n\t\t\t\t<div class=\"elementor-element elementor-element-38975a7d elementor-widget-divider--view-line elementor-widget elementor-widget-divider\" data-id=\"38975a7d\" data-element_type=\"widget\" data-widget_type=\"divider.default\">\n\t\t\t\t<div class=\"elementor-widget-container\">\n\t\t\t\t\t<div class=\"elementor-divider\">\n\t\t\t<span class=\"elementor-divider-separator\">\n\t\t\t\t\t\t<\/span>\n\t\t<\/div>\n\t\t\t\t<\/div>\n\t\t\t\t<\/div>\n\t\t\t\t<div class=\"elementor-element elementor-element-132f9b5 elementor-widget elementor-widget-image\" data-id=\"132f9b5\" data-element_type=\"widget\" data-widget_type=\"image.default\">\n\t\t\t\t<div class=\"elementor-widget-container\">\n\t\t\t\t\t\t\t\t\t\t\t\t\t\t\t<img loading=\"lazy\" decoding=\"async\" width=\"800\" height=\"255\" src=\"https:\/\/coph2022.pl\/wp-content\/uploads\/2022\/06\/Bez-nazwy1-1024x326.jpg\" class=\"attachment-large size-large\" alt=\"\" srcset=\"https:\/\/coph2022.pl\/wp-content\/uploads\/2022\/06\/Bez-nazwy1-1024x326.jpg 1024w, https:\/\/coph2022.pl\/wp-content\/uploads\/2022\/06\/Bez-nazwy1-300x95.jpg 300w, https:\/\/coph2022.pl\/wp-content\/uploads\/2022\/06\/Bez-nazwy1-768x244.jpg 768w, https:\/\/coph2022.pl\/wp-content\/uploads\/2022\/06\/Bez-nazwy1-1536x489.jpg 1536w, https:\/\/coph2022.pl\/wp-content\/uploads\/2022\/06\/Bez-nazwy1.jpg 1873w\" sizes=\"(max-width: 800px) 100vw, 800px\" \/>\t\t\t\t\t\t\t\t\t\t\t\t\t\t\t<\/div>\n\t\t\t\t<\/div>\n\t\t\t\t<div class=\"elementor-element elementor-element-50cfcd12 elementor-widget-divider--view-line elementor-widget elementor-widget-divider\" data-id=\"50cfcd12\" data-element_type=\"widget\" data-widget_type=\"divider.default\">\n\t\t\t\t<div class=\"elementor-widget-container\">\n\t\t\t\t\t<div class=\"elementor-divider\">\n\t\t\t<span class=\"elementor-divider-separator\">\n\t\t\t\t\t\t<\/span>\n\t\t<\/div>\n\t\t\t\t<\/div>\n\t\t\t\t<\/div>\n\t\t\t\t<div class=\"elementor-element elementor-element-4e813233 elementor-widget elementor-widget-image\" data-id=\"4e813233\" data-element_type=\"widget\" data-widget_type=\"image.default\">\n\t\t\t\t<div class=\"elementor-widget-container\">\n\t\t\t\t\t\t\t\t\t\t\t\t\t\t\t<img loading=\"lazy\" decoding=\"async\" width=\"800\" height=\"800\" src=\"https:\/\/coph2022.pl\/wp-content\/uploads\/2022\/06\/logoUP_organizator-1024x1024.png\" class=\"attachment-large size-large\" alt=\"\" srcset=\"https:\/\/coph2022.pl\/wp-content\/uploads\/2022\/06\/logoUP_organizator-1024x1024.png 1024w, https:\/\/coph2022.pl\/wp-content\/uploads\/2022\/06\/logoUP_organizator-300x300.png 300w, https:\/\/coph2022.pl\/wp-content\/uploads\/2022\/06\/logoUP_organizator-150x150.png 150w, https:\/\/coph2022.pl\/wp-content\/uploads\/2022\/06\/logoUP_organizator-768x769.png 768w, https:\/\/coph2022.pl\/wp-content\/uploads\/2022\/06\/logoUP_organizator.png 1439w\" sizes=\"(max-width: 800px) 100vw, 800px\" \/>\t\t\t\t\t\t\t\t\t\t\t\t\t\t\t<\/div>\n\t\t\t\t<\/div>\n\t\t\t\t<div class=\"elementor-element elementor-element-4c3de0f2 elementor-widget-divider--view-line elementor-widget elementor-widget-divider\" data-id=\"4c3de0f2\" data-element_type=\"widget\" data-widget_type=\"divider.default\">\n\t\t\t\t<div class=\"elementor-widget-container\">\n\t\t\t\t\t<div class=\"elementor-divider\">\n\t\t\t<span class=\"elementor-divider-separator\">\n\t\t\t\t\t\t<\/span>\n\t\t<\/div>\n\t\t\t\t<\/div>\n\t\t\t\t<\/div>\n\t\t\t\t\t<\/div>\n\t\t<\/div>\n\t\t\t\t\t\t\t<\/div>\n\t\t<\/section>\n\t\t\t\t\t\t\t<\/div>\n\t\t","protected":false},"excerpt":{"rendered":"<p>Co pi\u0119\u0107 lat od 2007 r. \u015brodowisko krakowskich historyk\u00f3w zaprasza do udzia\u0142u w Kongresie Zagranicznych Badaczy Dziej\u00f3w Polski. To niezwyk\u0142e wydarzenie gromadzi za ka\u017cdym razem setki naukowc\u00f3w z ca\u0142ego \u015bwiata zainteresowanych polsk\u0105 histori\u0105, kultur\u0105 i j\u0119zykiem. Od samego pocz\u0105tku g\u0142\u00f3wnym celem Kongresu jest rozwijanie dialogu, wymiana do\u015bwiadcze\u0144 i inspiracji oraz upowszechnianie bada\u0144 nad dziejami Polski. [&hellip;]<\/p>\n","protected":false},"author":1,"featured_media":0,"parent":0,"menu_order":0,"comment_status":"closed","ping_status":"closed","template":"elementor_header_footer","meta":{"footnotes":""},"_links":{"self":[{"href":"https:\/\/coph2022.pl\/index.php?rest_route=\/wp\/v2\/pages\/248"}],"collection":[{"href":"https:\/\/coph2022.pl\/index.php?rest_route=\/wp\/v2\/pages"}],"about":[{"href":"https:\/\/coph2022.pl\/index.php?rest_route=\/wp\/v2\/types\/page"}],"author":[{"embeddable":true,"href":"https:\/\/coph2022.pl\/index.php?rest_route=\/wp\/v2\/users\/1"}],"replies":[{"embeddable":true,"href":"https:\/\/coph2022.pl\/index.php?rest_route=%2Fwp%2Fv2%2Fcomments&post=248"}],"version-history":[{"count":47,"href":"https:\/\/coph2022.pl\/index.php?rest_route=\/wp\/v2\/pages\/248\/revisions"}],"predecessor-version":[{"id":1172,"href":"https:\/\/coph2022.pl\/index.php?rest_route=\/wp\/v2\/pages\/248\/revisions\/1172"}],"wp:attachment":[{"href":"https:\/\/coph2022.pl\/index.php?rest_route=%2Fwp%2Fv2%2Fmedia&parent=248"}],"curies":[{"name":"wp","href":"https:\/\/api.w.org\/{rel}","templated":true}]}}